s divided by 75?
73
Calculate the remainder when 40 is divided by 8.
0
What is the remainder when 28043 is divided by 76?
75
What is the remainder when 684 is divided by 166?
20
What is the remainder when 55 is divided by 21?
13
What is the remainder when 13296 is divided by 13?
10
Calculate the remainder when 407 is divided by 34.
33
Calculate the remainder when 259 is divided by 23.
6
What is the remainder when 873 is divided by 174?
3
What is the remainder when 241 is divided by 1?
0
What is the remainder when 73 is divided by 30?
13
Calculate the remainder when 39 is divided by 28.
11
Calculate the remainder when 629 is divided by 9.
8
What is the remainder when 739 is divided by 29?
14
Calculate the remainder when 369 is divided by 128.
113
Calculate the remainder when 24 is divided by 5.
4
What is the remainder when 1646 is divided by 75?
71
What is the remainder when 8389 is divided by 323?
314
Calculate the remainder when 2247 is divided by 45.
42
What is the remainder when 1527 is divided by 14?
1
Calculate the remainder when 30 is divided by 20.
10
Calculate the remainder when 227 is divided by 51.
23
What is the remainder when 272 is divided by 47?
37
What is the remainder when 1078 is divided by 47?
44
What is the remainder when 1145 is divided by 64?
57
Calculate the remainder when 354 is divided by 61.
49
What is the remainder when 740 is divided by 68?
60
What is the remainder when 2208 is divided by 551?
4
What is the remainder when 37 is divided by 14?
9
Calculate the remainder when 1121 is divided by 23.
17
What is the remainder when 491 is divided by 57?
35
Calculate the remainder when 1640 is divided by 74.
12
What is the remainder when 497 is divided by 59?
25
Calculate the remainder when 259 is divided by 65.
64
What is the remainder when 1791 is divided by 14?
13
Calculate the remainder when 344 is divided by 15.
14
Calculate the remainder when 1321 is divided by 193.
163
Calculate the remainder when 1388 is divided by 48.
44
Calculate the remainder when 10 is divided by 4.
2
What is the remainder when 88 is divided by 24?
16
What is the remainder when 282 is divided by 5?
2
Calculate the remainder when 140 is divided by 50.
40
Calculate the remainder when 76 is divided by 34.
8
Calculate the remainder when 23 is divided by 12.
11
Calculate the remainder when 6714 is divided by 2236.
6
What is the remainder when 194 is divided by 22?
18
Calculate the remainder when 4313 is divided by 83.
80
Calculate the remainder when 442 is divided by 144.
10
Calculate the remainder when 87 is divided by 11.
10
Calculate the remainder when 414 is divided by 106.
96
Calculate the remainder when 47 is divided by 7.
5
Calculate the remainder when 4738 is divided by 20.
18
Calculate the remainder when 209 is divided by 55.
44
Calculate the remainder when 9730 is divided by 295.
290
Calculate the remainder when 156 is divided by 70.
16
Calculate the remainder when 100 is divided by 35.
30
What is the remainder when 1437 is divided by 39?
33
Calculate the remainder when 1142 is divided by 105.
92
What is the remainder when 85 is divided by 69?
16
What is the remainder when 1415 is divided by 374?
293
What is the remainder when 798 is divided by 217?
147
Calculate the remainder when 479 is divided by 96.
95
What is the remainder when 112 is divided by 58?
54
What is the remainder when 41 is divided by 2?
1
Calculate the remainder when 1181 is divided by 19.
3
Calculate the remainder when 238 is divided by 20.
18
What is the remainder when 2599 is divided by 52?
51
What is the remainder when 107 is divided by 30?
17
Calculate the remainder when 64 is divided by 51.
13
What is the remainder when 46 is divided by 35?
11
Calculate the remainder when 277 is divided by 40.
37
What is the remainder when 95 is divided by 47?
1
Calculate the remainder when 98 is divided by 17.
13
Calculate the remainder when 284 is divided by 62.
36
What is the remainder when 60921 is divided by 83?
82
What is the remainder when 1991 is divided by 27?
20
Calculate the remainder when 51 is divided by 26.
25
What is the remainder when 348 is divided by 184?
164
What is the remainder when 8961 is divided by 12?
9
Calculate the remainder when 183 is divided by 179.
4
What is the remainder when 1691 is divided by 15?
11
Calculate the remainder when 769 is divided by 194.
187
What is the remainder when 290 is divided by 276?
14
Calculate the remainder when 309 is divided by 39.
36
What is the remainder when 66 is divided by 25?
16
Calculate the remainder when 5735 is divided by 8.
7
What is the remainder when 159 is divided by 21?
12
What is the remainder when 1180 is divided by 44?
36
Calculate the remainder when 501 is divided by 28.
25
What is the remainder when 98 is divided by 25?
23
What is the remainder when 141 is divided by 9?
6
What is the remainder when 4092 is divided by 195?
192
What is the remainder when 109 is divided by 37?
35
What is the remainder when 6015 is divided by 6?
3
What is the remainder when 195 is divided by 135?
60
What is the remainder when 1101 is divided by 403?
295
What is the remainder when 65 is divided by 19?
8
Calculate the remainder when 923 is divided by 37.
35
Calculate the remainder when 2447 is divided by 17.
16
What is the remainder when 3421 is divided by 118?
117
What is the remainder when 204 is divided by 42?
36
What is the remainder when 293 is divided by 5?
3
What is the remainder when 2881 is divided by 39?
34
What is the remainder when 47 is divided by 21?
5
What is the remainder when 23 is divided by 14?
9
Calculate the remainder when 73 is divided by 4.
1
What is the remainder when 1460 is divided by 215?
170
What is the remainder when 94 is divided by 10?
4
Calculate the remainder when 1259 is divided by 188.
131
Calculate the remainder when 44 is divided by 29.
15
Calculate the remainder when 24 is divided by 10.
4
What is the remainder when 84 is divided by 29?
26
What is the remainder when 21849 is divided by 190?
189
Calculate the remainder when 79 is divided by 9.
7
What is the remainder when 189 is divided by 98?
91
What is the remainder when 73 is divided by 29?
15
What is the remainder when 1100 is divided by 108?
20
Calculate the remainder when 220 is divided by 67.
19
Calculate the remainder when 323 is divided by 31.
13
What is the remainder when 4778 is divided by 35?
18
What is the remainder when 263 is divided by 11?
10
What is the remainder when 466 is divided by 200?
66
Calculate the remainder when 1823 is divided by 458.
449
Calculate the remainder when 53 is divided by 31.
22
Calculate the remainder when 39 is divided by 21.
18
What is the remainder when 3445 is divided by 8?
5
What is the remainder when 7942 is divided by 47?
46
Calculate the remainder when 376 is divided by 99.
79
What is the remainder when 120 is divided by 47?
26
What is the remainder when 332 is divided by 54?
8
What is the remainder when 129 is divided by 6?
3
Calculate the remainder when 414 is divided by 201.
12
Calculate the remainder when 66 is divided by 25.
16
Calculate the remainder when 221 is divided by 16.
13
Calculate the remainder when 379 is divided by 16.
11
Calculate the remainder when 89 is divided by 15.
14
What is the remainder when 497 is divided by 5?
2
Calculate the remainder when 4391 is divided by 12.
11
What is the remainder when 3506 is divided by 50?
6
Calculate the remainder when 497 is divided by 98.
7
What is the remainder when 156 is divided by 47?
15
Calculate the remainder when 501 is divided by 24.
21
What is the remainder when 3074 is divided by 38?
34
What is the remainder when 208 is divided by 36?
28
Calculate the remainder when 780 is divided by 199.
183
Calculate the remainder when 492 is divided by 38.
36
Calculate the remainder when 845 is divided by 78.
65
Calculate the remainder when 78 is divided by 47.
31
Calculate the remainder when 1188 is divided by 7.
5
What is the remainder when 267 is divided by 138?
129
What is the remainder when 211 is divided by 29?
8
Calculate the remainder when 91 is divided by 8.
3
What is the remainder when 31 is divided by 10?
1
What is the remainder when 375 is divided by 30?
15
What is the remainder when 54 is divided by 14?
12
Calculate the remain